List the prime factors of w(-6).
5, 23
Let l(c) = 8*c**2 + 10*c - 95. What are the prime factors of l(13)?
19, 73
Let q(t) = t**2 - 12*t + 26. Let y be q(12). List the prime factors of (y - 270)*(2/(-8) + 0).
61
Suppose 0 = 2*a - 406 - 60. List the prime factors of a.
233
List the prime factors of (-3 - (-8)/5)*(-10 - 3255).
7, 653
Suppose -10*k = -3863 - 2877. List the prime factors of k.
2, 337
Let i be (-1)/(2*(-2)/36). Let h = 47 - i. What are the prime factors of h?
2, 19
Let a(u) = -u**2 + 20*u + 26. Let s be a(18). Suppose -b + s = b. Suppose 2*t + 199 = 5*g, g - 4*t = -8*t + b. List the prime factors of g.
3, 13
Let m(i) = -i**3 - 10*i**2 + 11*i + 12. Let l be m(-11). Let d be (l + -1)/((-6)/(-18)). Let u = d + -9. List the prime factors of u.
2, 3
Let s = 1829 - 724. List the prime factors of s.
5, 13, 17
Let g be (1382/3)/(24/36). Suppose -g = -5*d - 3*b, 0*b = -4*d - b + 557. List the prime factors of d.
2, 5, 7
Let n be (35 + -7 + 6)*(0 + 2). Let i = -20 + n. List the prime factors of i.
2, 3
Suppose a - 15 = -3*y, -5*y + 2*a + a = -25. Suppose 2*m = y*l + m - 336, 4*m + 205 = 3*l. What are the prime factors of l?
67
Suppose x + 5*i = -22, -6 + 1 = i. Suppose -2*p = 3*p - x*f - 1014, p - 2*f = 200. What are the prime factors of p?
2, 3, 17
Suppose -4 = -r - r. Suppose 0 = -r*h + 3*h. What are the prime factors of -27*(h - -2 - 4)?
2, 3
Let r = 9 - 5. Let a = r + -1. List the prime factors of a.
3
Suppose -1086 = -y + s, -1414 = -4*y - s + 2910. What are the prime factors of y?
2, 541
Let j(v) = v**2 + 13*v + 37. Let p be j(-6). What are the prime factors of (-5658)/(-24) + (30/8)/p?
5, 47
Suppose -2515 = -5*q + 3*k + k, -k - 2530 = -5*q. What are the prime factors of q?
3, 13
Let s = 576 + -438. List the prime factors of s.
2, 3, 23
Let x = -596 + 964. What are the prime factors of x?
2, 23
Let y be (-4 - -1)*(-5 + 4). Suppose 4*k + y = 23. Suppose k*u = -3*q + 116, -q = -6*u + 2*u + 86. What are the prime factors of u?
2, 11
Let s(b) be the second derivative of 5*b**3/6 - 3*b**2/2 - 4*b. Let a be s(3). Let w(c) = c**3 - 12*c**2 + 2. List the prime factors of w(a).
2
What are the prime factors of (-667825)/(-325) + (-1)/(13/(-2))?
3, 5, 137
Let u(g) = 25*g**3 - g**2 - 4*g + 8. List the prime factors of u(4).
2, 197
Suppose -15*n + 5*n + 170 = 0. What are the prime factors of n?
17
Let q(d) = d**2 - 2*d + 15. Let k be q(0). Suppose -k = -3*h - 0*h. Suppose 3*t - 5 = 4, 2*o = h*t - 1. What are the prime factors of o?
7
Let x = -44 + 71. Let w = 9 - 6. Suppose -x = -3*i + w. What are the prime factors of i?
2, 5
Suppose -3*m - 931 = -2*t, -86 + 553 = t - 2*m. List the prime factors of t.
461
Let y = -9 + 6. Let h be 8/(y*(-2)/12). Suppose 10*s - h = 6*s. List the prime factors of s.
2
Let h = 1763 + -449. What are the prime factors of h?
2, 3, 73
Let o(n) = 134*n + 16. What are the prime factors of o(3)?
2, 11, 19
List the prime factors of (-564 - (0 - -7))*-11.
11, 571
Let b(j) = 22*j - 46. What are the prime factors of b(16)?
2, 3, 17
Suppose 4*d - 301 = -3*t, 2*t = -2*d - 0*d + 150. Suppose -d = -5*k + 734. List the prime factors of -4 + 1 - k/(-3).
3, 17
Let t be 165/44 - 1/(-4). Let g be (t - 0 - -3) + -1. List the prime factors of g*3/6*7.
3, 7
Let z(a) = -72*a + 275. What are the prime factors of z(-30)?
5, 487
Let f be 0*(-3)/18*2. Let a be (-3 - 21/(-6))*f. Suppose a*d + d - 16 = 0. List the prime factors of d.
2
Suppose 0*b + 203 = 5*y + 3*b, y - 4*b = 59. Let g = -29 + y. List the prime factors of g.
2, 7
Let a(k) be the second derivative of k**5/20 - 5*k**4/12 - 4*k**3/3 + k**2/2 - 3*k - 19. Let o be (-1 - -22)*(-2)/(-6). What are the prime factors of a(o)?
43
Let a = -6102 + 2891. Suppose 4*l = 4*z + 12 - 48, 0 = -z - 4*l + 24. What are the prime factors of a/(-114) + (-2)/z?
2, 7
Suppose -3*y = 27 - 21. List the prime factors of (-3)/y - (-275)/10.
29
Let t = -2 - -2. Suppose 3*c - 59 = -4*q, 2*q = -3*q - c + 71. Suppose t*v = v - q. List the prime factors of v.
2, 7
Suppose 7*z - 8*z + 127 = 3*y, -4*z + 4*y = -460. List the prime factors of z.
2, 59
What are the prime factors of 8/2 - (0/(-16) - 128)?
2, 3, 11
Let i be -1 - (-5 - (3 + -1 + -2)). Suppose 0 = i*h + c - 16 - 15, 5*c = -2*h + 11. What are the prime factors of h?
2
Suppose 5*h + 23 = -3*z, 3 + 6 = -z - h. Let t = 19 + z. What are the prime factors of (87/(-6))/((-4)/t)?
29
Suppose -8*r = -r - 1008. Suppose -r = f + f. List the prime factors of (-1668)/f - (-1)/(-6).
23
List the prime factors of 18*((-16)/14)/(18/(-42)).
2, 3
What are the prime factors of 6809/22*(-3)/((-9)/12)?
2, 619
Let d(l) = 6*l**2 + 15*l + 65. List the prime factors of d(16).
7, 263
Let v(a) = 2*a**3 + 9*a**2 + 9*a - 6. Let d(x) = -2*x**3 - 9*x**2 - 9*x + 7. Let i(l) = 6*d(l) + 5*v(l). List the prime factors of i(-5).
2, 41
Suppose 4*h = -3*a + 2870, 23*a - 970 = 22*a - 4*h. What are the prime factors of a?
2, 5, 19
Suppose -4*o - 278 = -1142. Let w = -79 + o. What are the prime factors of w?
137
Suppose 0*j - 7*j + 0*j = 0. List the prime factors of (j - 3)*605/(-15).
11
Let c(u) be the second derivative of u**4/6 + 2*u**3/3 - 2*u**2 - 3*u. What are the prime factors of c(3)?
2, 13
Suppose -18*d + 38225 + 47311 = 0. What are the prime factors of d?
2, 3, 11
Let s be (-2 - (-1047)/6)*2. Let f = 511 - s. What are the prime factors of f?
2, 83
Suppose 4*w = -0*w - 2*z + 122, -3*z - 65 = -2*w. Suppose 0*v = -v, -4*j + 184 = 3*v. Let q = j - w. List the prime factors of q.
3, 5
Suppose -15*q = -12*q - 111. List the prime factors of q.
37
Let a be (4 - -1) + -4 - -4. Suppose 4*y - 13 = -a. Suppose -2*p + 56 = -y. List the prime factors of p.
29
Let f = 225 + 156. What are the prime factors of f?
3, 127
Suppose 13624 = 13*x - 5837. What are the prime factors of x?
3, 499
Suppose 115*n - 10906 = 113*n + 4*d, -5*n = -2*d - 27281. List the prime factors of n.
3, 17, 107
Let o = 19 - -414. List the prime factors of o.
433
What are the prime factors of (7216/(-44))/((4/(-26))/1)?
2, 13, 41
Let r(c) be the second derivative of c**4/6 + 7*c**3/6 + 53*c**2/2 + 25*c. What are the prime factors of r(-9)?
2, 19
Let n(a) = -a**2 - 22*a + 50. Let l(p) = 2*p**2 + 44*p - 100. Let m(o) = 3*l(o) + 7*n(o). What are the prime factors of m(-18)?
2, 61
Suppose 0 = 3*t + 6*t - 27. Let b(p) = 3*p**3 - 4*p**2 + 2. List the prime factors of b(t).
47
Let h be (-31)/62*(0 + -273 + -1). Suppose 5*o = 2*b - 101, 4*b - h - 56 = o. What are the prime factors of b?
2, 3
Let m(k) = 5*k - 16. Let n(w) = w**2 + 4*w - 3. Let i be n(2). List the prime factors of m(i).
29
Let v be (-6 + 2 - -1)*(-12 - -10). Suppose v*z + 7*z = 3796. List the prime factors of z.
2, 73
Suppose 96*m = 91*m + 2445. List the prime factors of m.
3, 163
What are the prime factors of (-1 - -14)*(131 + -48)?
13, 83
Let b = 8 - 9. Let l be ((-9)/(-12))/(b/(-4)). Let t = 23 + l. List the prime factors of t.
2, 13
Suppose d = 1193 - 229. What are the prime factors of d?
2, 241
Let n(b) = 183*b**2 - 2*b + 6. List the prime factors of n(3).
3, 61
Let w(a) = 10*a + 2*a**2 - 8*a - 5 - 2*a. What are the prime factors of w(-4)?
3
Suppose 0*c + 6*c - 4248 = 0. List the prime factors of 1/1 - (6 - c)/6.
2, 59
Suppose 13*g - 22*g + 2718 = 0. Let w = -155 + g. List the prime factors of w.
3, 7
Suppose -p + 1103 = 2*a, -a + 595 = -5*p + 71. List the prime factors of a.
3, 61
Let z = -9 + 9. Suppose z = 3*t - 2*w - 170, -t + 3*w + 228 = 3*t. What are the prime factors of t/6*(1 + 1)?
2, 3
List the prime factors of 2524 - (-23)/(253/110).
2, 7, 181
Let l(u) = -u**3 + 7*u**2 - 5*u - 8. Let k be l(6). Let z be (-88)/(-104) - k/13. Let y = z - -6. List the prime factors of y.
7
Suppose -2*w + f = 31, 3*w = -w + f - 67. Let m = 21 + w. What are the prime factors of 284/12 - (-4)/m?
5
Let y(b) = 445*b**3 - 3*b**2 + 6*b - 2. What are the prime factors of y(1)?
2, 223
Suppose 2*y + 78 = 5*y. Suppose 4*d + 0*d - 12 = 0. Let p = d + y. What are the prime factors of p?
29
Let v(z) = -z**3 - 5 - 3*z**2 + 12*z + 13*z**2 - 3*z**2 - 17*z. What are the prime factors of v(5)?
2, 5
Let w(s) be the first derivative of s**4/4 + s**3 - 3*s**2/2 + s + 1. Let z be w(-4). What are the prime factors of 76*z/(-36)*3?
19
Suppose 36*h = 16314 - 2670. List the prime factors of h.
379
Suppose -